5*o. Let f = o - -183. Calculate the highest common divisor of q and f.
3
Suppose 206*t - 4352 - 57242 = 0. What is the highest common divisor of 104 and t?
13
Suppose 136 = 5*h - 64. Suppose q = c + 43 + 33, 4*q + 3*c = 332. What is the greatest common factor of h and q?
40
Suppose -8*z - 136 + 1572 + 844 = 0. What is the highest common factor of 255 and z?
15
Let a = 839 - 552. Let l be 328*(8 + (-2067)/104 + 12). Calculate the highest common divisor of l and a.
41
Let t(i) = -38*i + 2594. Let o be t(57). What is the greatest common factor of 2461 and o?
107
Let m = 35 + -31. Suppose 4*a - 2*a - 76 = -x, m*x + 3*a = 279. Let j be (x/12)/(2/4). What is the highest common divisor of j and 88?
11
Let v = -59 + 61. Suppose -5*z + v*z + f + 294 = 0, z - 3*f = 90. Calculate the highest common divisor of 66 and z.
33
Suppose -414 - 13019 = 14*y - 21*y. Calculate the highest common divisor of 57 and y.
19
Let n(t) = 697*t - 3472. Let s be n(5). What is the greatest common factor of s and 8879?
13
Suppose 4*s = -0*s - 12704 + 13928. Calculate the greatest common factor of 1904 and s.
34
Let g = 2635 + -2501. Suppose 35 + 13 = v. Let s = v + g. What is the highest common factor of 26 and s?
26
Suppose 5*v + 225 = -5*z - 0*v, 0 = -5*z - 3*v - 215. Let j be -778*2/z + (-5)/(-50). What is the highest common factor of j and 312?
39
Let p = -10101 + 10225. What is the highest common factor of 22 and p?
2
Let p be ((-8)/10)/2 + (-6739720)/(-1300). Calculate the greatest common divisor of 960 and p.
192
Let d = 11 - 14. Let f(w) = -2*w**2 - 6*w - 12. Let b be f(d). Let l be b/4 + 6 + 9. What is the greatest common factor of l and 12?
12
Suppose 4*q - 4*f = 5*q - 27, -3*q = -2*f - 25. Let k(m) = -6*m**2 - 13*m + 6. Let z be k(-4). Let c = z + 159. What is the highest common divisor of c and q?
11
Let s = -3677 + 3733. Let m(g) = 2*g - 5. Let d be m(6). What is the highest common divisor of s and d?
7
Let s(h) be the first derivative of 9*h - 1/2*h**2 + 13. Let d be s(6). Calculate the greatest common factor of 27 and d.
3
Let f(y) = 2*y**2 - 174*y - 3010. Let s be f(-18). Calculate the greatest common factor of 1133 and s.
11
Suppose 3*q - 3*r = 534, -4*q + 4*r = 6*r - 670. What is the highest common divisor of q and 2375?
19
Let q be -8*(-2)/(16/50). Suppose 321*r - 317*r + 5*u = 860, -u = 5*r - 1012. Calculate the highest common factor of q and r.
50
Let q be 13 - (1 + 2)/1. Suppose 351 = q*l - 1179. What is the highest common factor of 34 and l?
17
Let q = -3 + 8. Suppose 10*m = 12*m + 480. Let u be (m/(-4))/(-2 - (-14)/4). What is the greatest common factor of q and u?
5
Let a be -2*2/4 - -2. Let o(x) = x**2 + 28*x + 190. Let d be o(-16). Let b be (0 - (-6)/d) + (a - -17). What is the highest common factor of b and 5?
5
Suppose 101 = 4*z + 77. Calculate the highest common factor of 66 and z.
6
Suppose -260*k + 753 = -257*k. Let h = 406 - k. What is the highest common divisor of 93 and h?
31
Let d be 8/4 - 5/(10/104). Let i = d - -116. Let v be ((-6)/4 - -1)*-12. What is the greatest common factor of v and i?
6
Suppose -4*u = 5*j - 0*u - 7, 2*j + 3*u = 7. Let a be 2 + 36/5 + j/5. Calculate the greatest common factor of 225 and a.
9
Let h(d) = -5*d - 4. Let p be h(-8). Let s be 1*4 + 42 + 1312/41. Calculate the highest common factor of s and p.
6
Suppose z = 2*z - 51. Let d be (32/20)/(4/(-510))*(-70)/140. What is the highest common factor of d and z?
51
Suppose -j = -5*r - 6*j + 625, -3*r + 2*j = -380. Suppose -134*w + 108 = -132*w. Calculate the greatest common factor of r and w.
18
Let i = -100 + 160. Let r = 158 + -108. Calculate the highest common factor of i and r.
10
Let v be ((-10)/4)/(2/(-12)). Let y(l) = 2*l**3 - 35*l**2 + 308*l - 2078. Let t be y(13). Calculate the greatest common divisor of v and t.
15
Let y(m) = m. Let q(d) = -11*d - 19. Let z(c) = q(c) + 6*y(c). Let u be z(6). Let g = u - -59. What is the greatest common divisor of g and 110?
10
Let x = -3438 + 3547. Calculate the highest common factor of 763 and x.
109
Let y = 5795 - 5550. Calculate the highest common divisor of y and 11760.
245
Let l(n) = -n**2 - 57*n - 650. Let f be l(-40). Suppose -5*t = 3*a - 1035, 66 = -3*t - 4*a + 676. Calculate the highest common factor of t and f.
30
Suppose -3*k + 3*u = -1398, 42*u = 5*k + 43*u - 2384. Let j(m) = -70*m + 5. Let p be j(-4). Calculate the greatest common factor of k and p.
95
Let d(p) = p**2 - 102*p - 1066. Let w be d(112). Calculate the greatest common divisor of 6777 and w.
27
Let g = -393 - -393. Suppose 4*j + 6 = -6, 2*d + 5*j + 9 = g. Calculate the greatest common divisor of d and 81.
3
Let a = 3496 - 3480. What is the greatest common divisor of 5584 and a?
16
Suppose 0 = 4*t - h, 1 = -t - 4*h - 16. Let j(u) = 32*u + 4. Let s be j(t). Let v be (s/5)/(-1) + (-4)/(-10). What is the highest common factor of 8 and v?
2
Suppose 4*f - 37*f - 495 = 0. Let t be 45*((-93)/f + -5). What is the highest common divisor of t and 918?
54
Let h be 6 + 16/10*(-50)/(-20). Let k(t) = -3*t**2 + 58*t - 5. Let p be k(19). Calculate the greatest common factor of h and p.
2
Let c = -12839 + 13949. Calculate the highest common divisor of 330 and c.
30
Suppose 605*n - 609*n - 3*x + 19121 = 0, 3*n - 4*x - 14372 = 0. What is the highest common factor of 624 and n?
208
Suppose 3*d - 377 - 109 = 0. Let m(k) = -33*k**2 + 1. Let p be m(1). Let i = -14 - p. Calculate the highest common factor of i and d.
18
Let o be 10/(-8)*(-32 - -4). Let w(a) = -18*a + 26 + 12*a - 15*a. Let n be w(1). What is the greatest common divisor of o and n?
5
Let o(j) = 3*j + 12. Let c be o(8). What is the greatest common factor of 260 and c?
4
Let j = -38413 - -38845. What is the greatest common factor of j and 17424?
144
Suppose 2*n = 0, 7*k + 4*n + 12 = 11*k. Suppose -2*y + 44 = -k*p + 212, 0 = -5*p + 5*y + 280. Calculate the highest common factor of 70 and p.
14
Suppose 351*a = -345*a + 681*a + 3960. What is the highest common divisor of 341 and a?
11
Let h be -14*((-309)/(-2))/((-15)/35). Let j be -1 - 4/((-28)/h). Calculate the greatest common factor of j and 10.
10
Suppose q + u = -5, 2*u = u. Let d be (-324)/(-10) + 2/q. Let p be (d/10)/(32/1200). What is the greatest common factor of p and 15?
15
Let y be (-4 - -81) + 3740/170. What is the greatest common factor of y and 1251?
9
Let o(y) = -1. Let r(k) = -6*k - 60. Let x(j) = 3*o(j) - r(j). Let g be x(-9). Calculate the greatest common factor of g and 87.
3
Suppose -3096*g = -3097*g + 15. What is the greatest common factor of g and 185?
5
Let o = -292 - -306. What is the highest common factor of o and 378?
14
Suppose -3*b - 16 = -25. Suppose s + 2*s + 171 = 3*n, -5*s = 3*n - 195. Suppose b*r - 5*r = -n. Calculate the greatest common factor of r and 105.
15
Let y = -852 + 984. Calculate the highest common divisor of y and 1914.
66
Let l(m) = 2*m**3 - 15*m**2 + 4*m - 268. Let v be l(13). What is the greatest common divisor of 159 and v?
53
Let y be (-5 + (-42)/(-12))/((-1)/2). Let p be -11*(y - 1)*(-5 + 8). Let l be ((-1)/4 - p/8)*5. Calculate the highest common factor of 16 and l.
8
Let p(b) = -287*b - 765. Let y be p(-9). What is the greatest common divisor of 18 and y?
18
Suppose -1 = -3*k - 5*c, 3*k - 11 = 5*c - 0. Let f be 2 + k - (9 + (-35 - 10)). Calculate the greatest common divisor of 250 and f.
10
Let u be (79 + -56)*(1 - 0). Suppose u*b = -256 + 1406. Calculate the greatest common factor of b and 230.
10
Suppose -69*s = -76*s + 1365. What is the highest common divisor of s and 2?
1
Let h be (366/549)/((8/(-410))/(564/(-10))). Calculate the highest common divisor of 82 and h.
41
Suppose 2*n - 12*n + 90 = 0. Let z be -12*(-3)/(n/2). What is the highest common divisor of z and 8?
8
Suppose 0 = 2*c + 4 - 54. Let p(l) = -1204*l + 3812. Let h be p(3). Calculate the greatest common factor of h and c.
25
Let i(t) = t**2 - 6*t + 6. Let p = -49 - -52. Let x be i(p). Let f(u) = 2*u**2 + 3*u - 1. Let s be f(x). Calculate the greatest common divisor of 24 and s.
8
Suppose 0 = -3*u - 26*u - 616 + 4444. Let c(j) = 66*j. Let l be c(5). What is the greatest common factor of l and u?
66
Suppose 0 = 4*r + w - 178, -w + 70 - 68 = 0. What is the greatest common divisor of r and 110?
22
Suppose 6*p = -5*k + 3370, -4*k + 2*k + 2*p + 137